{"id":1539,"date":"2020-02-04T15:00:00","date_gmt":"2020-02-04T13:00:00","guid":{"rendered":"http:\/\/www.xn--neuesbrgerforum-4vb.de\/?page_id=1539"},"modified":"2026-01-21T12:16:26","modified_gmt":"2026-01-21T11:16:26","slug":"gemeinderaete","status":"publish","type":"page","link":"https:\/\/www.xn--neuesbrgerforum-4vb.de\/?page_id=1539","title":{"rendered":"Gemeinder\u00e4te"},"content":{"rendered":"<p>In der aktuellen Wahlperiode 2020 bis 2026 wird das Neue B\u00fcrgerform von <strong>Lisa-Marie Kapser<\/strong> im Gemeinderat vertreten. Sie ist 1990 geboren und beim Amtsgericht in Erding als Richterin t\u00e4tig.<\/p>\n<p>&nbsp;<\/p>\n<p>Unsere Vorst\u00e4nde Oliver Kapser und Kerstin Weichselgartner legten nach jahrelangen <strong>Auseinandersetzungen<\/strong> in den Gemeinderatssitzungen mit <strong>Vertretern anderer Gruppierungen<\/strong> ihre \u00c4mter im Gemeinderat nieder. Eine sachliche Behandlung von Themen fand zunehmend nicht mehr statt. <strong>Unsere Einlassungen wurden per se abgelehnt.<\/strong> Insbesondere im geschlossenen Teil (ohne \u00d6ffentlichkeit) kam es immer wieder zu respektlosem und am langen Ende <strong>inakzeptablem Verhalten einiger R\u00e4te uns gegen\u00fcber.<\/strong> Mit einer demokratischen und zivilisierten Streitkultur hatte das nichts mehr zu tun.<\/p>\n<p>&nbsp;<\/p>\n<p>Nachdem es nun im Gemeinderat ein besseres Miteinander gibt, w\u00fcrde Oliver Kapser gerne wieder aktiv als Gemeinderat teilnehmen und u. a. f\u00fcr ein Gleichgewicht im Gemeindehaushalt sorgen.<\/p>\n<p>&nbsp;<\/p>\n","protected":false},"excerpt":{"rendered":"<p>In der aktuellen Wahlperiode 2020 bis 2026 wird das Neue B\u00fcrgerform von Lisa-Marie Kapser im&#8230;<\/p>\n","protected":false},"author":11,"featured_media":0,"parent":0,"menu_order":0,"comment_status":"closed","ping_status":"closed","template":"","meta":{"footnotes":""},"class_list":["post-1539","page","type-page","status-publish","hentry"],"_links":{"self":[{"href":"https:\/\/www.xn--neuesbrgerforum-4vb.de\/index.php?rest_route=\/wp\/v2\/pages\/1539","targetHints":{"allow":["GET"]}}],"collection":[{"href":"https:\/\/www.xn--neuesbrgerforum-4vb.de\/index.php?rest_route=\/wp\/v2\/pages"}],"about":[{"href":"https:\/\/www.xn--neuesbrgerforum-4vb.de\/index.php?rest_route=\/wp\/v2\/types\/page"}],"author":[{"embeddable":true,"href":"https:\/\/www.xn--neuesbrgerforum-4vb.de\/index.php?rest_route=\/wp\/v2\/users\/11"}],"replies":[{"embeddable":true,"href":"https:\/\/www.xn--neuesbrgerforum-4vb.de\/index.php?rest_route=%2Fwp%2Fv2%2Fcomments&post=1539"}],"version-history":[{"count":0,"href":"https:\/\/www.xn--neuesbrgerforum-4vb.de\/index.php?rest_route=\/wp\/v2\/pages\/1539\/revisions"}],"wp:attachment":[{"href":"https:\/\/www.xn--neuesbrgerforum-4vb.de\/index.php?rest_route=%2Fwp%2Fv2%2Fmedia&parent=1539"}],"curies":[{"name":"wp","href":"https:\/\/api.w.org\/{rel}","templated":true}]}}